*r. Let h(b) = -n*b + 10 - b**2 + 0*b**2 + x*b. Determine h(0).
10
Let f = 9 + -30. Let j = f + 27. Let z(o) be the first derivative of -o**2 + 5*o - 1. Determine z(j).
-7
Let h(y) = -2*y**2 - y - 3. Let z(d) = -d. Let g(c) = -h(c) + 6*z(c). Let t(f) = -f**2 + 3*f - 2. Let o(x) = -2*g(x) - 5*t(x). Determine o(5).
4
Let l(n) be the third derivative of -n**6/360 - n**5/60 + 5*n**4/24 - n**2. Let b(w) be the second derivative of l(w). Calculate b(4).
-10
Let w(v) be the first derivative of v**4/2 + v**3/3 + v**2/2 + v + 122. Give w(-1).
-1
Let r(d) be the third derivative of -d**4/24 - 10*d**2. Let x be 3/(-2 + (-65)/(-40)). Determine r(x).
8
Let s(u) = -u**2 + 17*u + 4. Let z be s(17). Let a(b) = -73*b - z + 3 + 62*b. Calculate a(2).
-23
Let c(i) = i**3 - 2*i - 1. Suppose 0 = -2*q - 4*l + 84, 4*l + 131 = 5*q - 37. Suppose 40*f - 8 = q*f. Calculate c(f).
3
Suppose 6 = -3*u + 4*u. Let w(c) = -16*c**2 + 3*c**2 + 2*c - 7 + c**3 - 4*c**2 + 11*c**2. Let t be w(u). Let x(n) = n - 4. What is x(t)?
1
Let v(l) = -9*l + 9. Let c be v(3). Let h = -14 - c. Let o(g) be the first derivative of -2*g**2 + 6*g - 2. What is o(h)?
-10
Let p(c) be the second derivative of c**4/12 - c**3/6 - 5*c**2 - 92*c + 1. Calculate p(8).
46
Let l be 3/(((-18)/16)/(9/(-12))). Let r(y) = -9*y**2 + 2*y - 2. Determine r(l).
-34
Let c(x) be the first derivative of -67*x**3/3 + x**2 + 1003. Calculate c(1).
-65
Let z(v) = -v**2 + 4*v - 6. Suppose -2*g + n + 2 = 0, -4*g + 4*n - 1 = g. Let k be 4/3*g/(-2). Let f be (-3)/k*(-24)/(-9). Give z(f).
-6
Let n(v) be the first derivative of -2*v**3 + 1 - 1/2*v**2 + 1/4*v**4 + 0*v. Suppose 0 = -3*i + 3*l + 21, -5*l - 20 = -2*i - 3. Determine n(i).
-6
Let d(t) be the third derivative of -t**5/15 - t**3/6 - 88*t**2. Calculate d(1).
-5
Let j(v) = v**3 + 6*v**2 - 7*v + 4. Let i(r) = -3*r**3 - 19*r**2 - 4*r + 6. Let u be i(-6). Calculate j(u).
46
Let o(h) = -29*h. Let b(q) = 10*q. Let u(t) = -8*b(t) - 3*o(t). Give u(-1).
-7
Let i = 2 - 4. Let t(o) be the third derivative of -o**7/1680 + o**6/360 - o**5/12 - 5*o**2. Let s(b) be the third derivative of t(b). Calculate s(i).
8
Let n(a) = -a**2 - 5*a. Suppose -d + 44 = -12*d. Let c(o) = o**2 + 5*o - 1. Let k(u) = d*n(u) - 3*c(u). What is k(-5)?
3
Let b(r) = -4*r + 1 - 7 + 6 - 2 - 1. Let t = 13 + -27. Let k be 64/(-28) + (-4)/t. Calculate b(k).
5
Let y(h) = -h**3 - 3*h**2 + 2*h - 6. Let g be y(-4). Let r(n) = 7*n**3 - n**2 - 1. Let j(u) = -8*u**3 + u**2 + 2. Let p(m) = g*j(m) + 3*r(m). Determine p(-1).
-5
Let s(u) = -u**2 - 2*u - 1. Let b be (0 + 2/5)*(-80)/(-32). Suppose 3*d + b = -2*d + i, -2*i - 13 = 5*d. Calculate s(d).
0
Let u(i) = 7*i**2 + 10*i - 2. Let n(p) = -2*p**2 - p. Let s(q) = 3*n(q) + u(q). Calculate s(-8).
6
Suppose 2*s + 0*s + 12 = 2*f, -5*s + 3*f - 32 = 0. Let x(a) = 3*a**3 - a**2 - a. Let q(h) = 10*h**3 + 5*h**2 + 2*h - 8. Let g(t) = -q(t) + 3*x(t). Give g(s).
-6
Let z(t) = t**2 - 6*t - 9. Suppose -d + 6*d - 2*a - 16 = 0, -3*a - 2 = -2*d. Let u be 7/(-4)*-1*d. Give z(u).
-2
Let q(t) = 2*t - 44. Let f be q(23). Let z(r) = -r**3 - f - 53*r + 21*r + 28*r - 4*r**2. What is z(-3)?
1
Let t(q) = -2*q**3 + 27*q**2 - q - 37. Let w(n) = -3*n**3 + 41*n**2 - 2*n - 56. Let i(g) = 8*t(g) - 5*w(g). Calculate i(11).
6
Let i(y) be the second derivative of y**3 + 31*y**2 + 691*y. Give i(-10).
2
Let p(c) = c**3 + 9*c**2 + 8*c + 5. Let b be p(-8). Suppose 4*w - 12 = w, b*u - 5*w = -20. Let a(x) = -x**2 + x - 6. What is a(u)?
-6
Let t(s) = 4*s - 34. Let k be t(7). Let z(a) = 2*a**2 + 13*a. What is z(k)?
-6
Let s(h) = -8 + 144*h - 144*h - 5*h**2 + 4*h**2. Determine s(0).
-8
Let x(u) = u - 1. Let r = 69 + -57. Let k be (-3 + 27/r)/(2/8). Calculate x(k).
-4
Let r(b) = -3*b**3 + 4*b**3 - 3 - 3 + 5. Let v be (-60)/20 + (-1)/((-1)/3). What is r(v)?
-1
Let s = 3 - -6. Let c(p) = p - 9. Let o be c(s). Let j(v) = 2*v + v - 2*v + o*v. Give j(-3).
-3
Suppose 0 = 2*u - 2*n - 4, 4*n - 2 = -u. Let r(j) = 8*j**2 - 6*j**2 + 3*j - 3*j**u - 3 - j**3. Let v = -16 + 13. Determine r(v).
6
Suppose 5*g + 16 + 14 = 0. Let l be g/(-1)*(-6)/(-9). Let n(p) be the third derivative of p**5/60 - 5*p**4/24 + 2*p**3/3 - 3*p**2. Determine n(l).
0
Let p(o) = 3*o**2 - 5*o. Let w(b) = 17*b**2 - 29*b - 28. Let m(l) = -6*p(l) + w(l). What is m(0)?
-28
Let r be 90/(-72) + 26/8. Let i(g) = -r + 1 + 3 + 7 + g. Calculate i(-7).
2
Let c(q) = -3*q - 6. Let z = 12 + -7. Suppose -15 = -z*o, 3*o + 11 = -5*m - 0*o. Determine c(m).
6
Let y(v) be the first derivative of -v**3/3 - 4*v**2 - 13*v + 52. Determine y(-6).
-1
Let f(c) = c - 3. Let v(h) be the third derivative of h**4/12 - h**3/6 + 4*h**2. Let d be v(2). What is f(d)?
0
Let g(f) = 86*f + 255. Let s be g(-3). Let u(b) = -2*b**2 + 4*b + 6. Determine u(s).
-24
Let r(i) = i**2 + 5*i + 6. Suppose 0 = -3*q - 5*u + 1 + 4, 21 = -q + 4*u. Give r(q).
6
Let w(p) = p**2 + p - 4. Let s be w(2). Let r(b) = 2 - 10*b + 1 + 0 - s. What is r(1)?
-9
Suppose 0 = 1135*z - 1129*z - 42. Let a(j) = -j**3 + 7*j**2 - 2*j + 6. Determine a(z).
-8
Let y(g) = -g**2 + 3*g + 2. Let j be y(3). Let h be 1 - -3 - (1 - j). Suppose h*s = -2*a + 28, a - 4*a = -3*s. Let v(b) = -2*b + 4. Give v(a).
-4
Let s(u) = -13*u**3 + 14*u**2 + 4*u + 14. Let g(i) = -37*i**3 + 41*i**2 + 10*i + 40. Let k(p) = -6*g(p) + 17*s(p). Suppose -32 = -3*q - 11. Give k(q).
5
Suppose -5*y + 40 = -v - 10*y, -5*y - 70 = 3*v. Let t(f) = -f - 27. Give t(v).
-12
Let g(a) = a**2 + 7*a**2 - 3*a**2 + 2*a**3 - 5 - 3*a. Suppose 5 = 8*c - 7*c. Let j(n) = -3*n**3 - 10*n**2 + 5*n + 10. Let v(h) = c*g(h) + 3*j(h). What is v(5)?
5
Let l be (-14)/(-7) - 40/(-10). Let h(m) = -m**3 + 4*m**2 + 6*m - 5. What is h(l)?
-41
Suppose -49*h + 48*h - 19 = 4*b, -5*h - 5 = 5*b. Let y(i) be the second derivative of 0 - i - 7/6*i**3 - 7/2*i**2 - 1/12*i**4. Determine y(b).
-1
Let r(b) be the first derivative of -b**3/3 + 7*b**2/2 + 2*b - 105. Determine r(5).
12
Let z = 213 + -213. Let x(k) = k**3 + k**2 - k + 20. Calculate x(z).
20
Let q be -3*4/6*3/2. Let r(x) be the third derivative of x**5/60 - x**4/8 - x**3/2 + 5*x**2. Give r(q).
15
Let m(r) = r**2 + 7*r - 4. Suppose 0*f - 3*q = -3*f + 42, 5*f = 4*q + 72. Let t be (-27)/(6*4/f). Let a = -25 - t. What is m(a)?
-4
Let w be 8/(-10)*135/(-18). Suppose w = 4*n - n. Suppose -2*h + 4 = n. Let i(l) = -4*l**3. What is i(h)?
-4
Let w(y) = -6*y + 17. Let v(l) = l - 10. Let k(b) = -v(b) - w(b). Calculate k(-6).
-37
Let z(x) be the first derivative of x**4/4 + 2*x**3 - 5*x**2/2 + 8*x + 78. Let d = -18 + 11. Calculate z(d).
-6
Let q(h) = h**3 + 5*h**2 + 3*h + 10. Let d(s) = -s**2 - s - 1. Let k(j) = 6*d(j) + q(j). Let i = 1739 + -1736. What is k(i)?
13
Let f be (-55)/(-15)*3 - -4. Suppose -6*c - 45 = -f*c. Let q(v) = -v**2 + 6*v - 6. Give q(c).
-1
Let t(q) = -q + 1. Let d be (-3)/(-9) + 32/(-24). Let u(b) = b - 1. Let h(w) = d*t(w) - 2*u(w). What is h(8)?
-7
Let r(f) = f**3 - 2*f**2 - 3*f - 3. Let o(n) = -n**3 - 15*n**2 - 14*n - 2. Let h be 3 + 17*(-3 + 2). Let k be o(h). What is r(k)?
-13
Let g(w) be the third derivative of 0 - 1/60*w**6 + 29*w**2 + 0*w**4 + 1/6*w**3 - 1/30*w**5 + 0*w. Give g(-1).
1
Let u(o) = o**2 + 5*o + 3. Let g be u(-5). Suppose 13 = -g*n + 1. Let f(x) be the first derivative of -x**4/4 - 5*x**3/3 - x**2/2 + 5*x + 4. Determine f(n).
-7
Let j(y) = y. Let u(l) = 32*l - 1 + 27*l - 62*l. Let d(v) = 6*j(v) + 3*u(v). Give d(-3).
6
Let w(p) be the second derivative of p**4/12 - p**3/2 - 3*p**2 - 2*p. Let l be w(5). Let b(i) be the second derivative of i**3/2 + i**2/2 + 7*i. What is b(l)?
13
Let p(j) = -1 - 4*j - j + 9*j + 3*j. Let i(s) = -7*s + 1. Let h(v) = -5*i(v) - 6*p(v). Give h(-1).
8
Let v(p) = 27 - p**3 - 17 + 1 + 2*p**3 - 12*p + 0*p**3 - 8*p**2. Give v(9).
-16
Let n(m) = -4*m**2 + m**3 + m**2 + 7*m - 2*m**3 - 1. Let c be (-5)/(10 + 90/(-10)). Give n(c).
14
Suppose 2*o = 2*h - 8, 8*h - 6*h - 10 = o. Let p(y) = -y**2 + 8*y - 12. Determine p(h).
0
Let k(t) be the second derivative of -t**4/12 - 4*t**3/3 + t**2 - 22*t - 3. Calculate k(-9).
-7
Let k be 0/3*(90/12 - 7). Let c(z) be the third derivative of 1/6*z**3 - 1/24*z**4 - 2*z**2 - 1/20*z**5 + k + 0*z. What is c(1)?
-3
Suppose 0 = -28*p + 33*p - 20. Let i(a) = -2*a + 1. Give i(p).
-7
Suppose 0 = 26*a + 40*a. Let g(k) = k**2 - 3. Calculate g(a).
-3
Let p(q) = -4*q - 7. Let a(w) 